{"id":607,"date":"2022-04-26T14:06:05","date_gmt":"2022-04-26T12:06:05","guid":{"rendered":"https:\/\/tamara-zeidler.de\/?page_id=607"},"modified":"2022-05-02T14:39:33","modified_gmt":"2022-05-02T12:39:33","slug":"massgeschneiderte-seminare-i-workshops-i-klausurtagungen","status":"publish","type":"page","link":"https:\/\/tamara-zeidler.de\/?page_id=607","title":{"rendered":"Ma\u00dfgeschneiderte Seminare I Workshops I Klausurtagungen"},"content":{"rendered":"\n<p class=\"has-text-align-left has-header-gradient-color has-text-color\"><strong>aktuell I inspirierend I ergebnisorientiert<\/strong><\/p>\n\n\n\n<blockquote class=\"wp-block-quote is-layout-flow wp-block-quote-is-layout-flow\"><p>Bildung ist die m\u00e4chtigste Waffe, die Du verwenden kannst, um die Welt zu ver\u00e4ndern.<\/p><cite>Nelson Mandela<\/cite><\/blockquote>\n\n\n\n<p><br>Suchen Sie f\u00fcr sich und Ihr Team Fort- und Weiterbildungsformate in Schl\u00fcsselkompetenzen, die ma\u00dfgeschneidert auf Ihre konkreten Bed\u00fcrfnisse abgestimmt sind?<br>Sind Sie Personalentwickler*in oder leiten ein Bildungsinstitut und suchen eine qualifizierte und begeisternde Dozentin mit viel Erfahrung und hervorragenden Referenzen, die Ihnen Angebote f\u00fcr aktuelle Bildungsthemen in Schl\u00fcsselkompetenzen macht?<br>Sind Sie Gesch\u00e4ftsf\u00fchrer*in oder F\u00fchrungskraft und suchen eine inspirierende und professionelle Moderatorin, die auch fachliche Impulse zu Schl\u00fcsselkompetenzen liefern kann f\u00fcr Ihre Workshops, Besprechungen oder Klausurtagungen?<br>Dann bin ich die richtige Wahl f\u00fcr Sie!<br>Meine Angebote richten sich nach dem konkreten und individuellen Bedarf meiner Kund*innen. Ich biete daher \u00fcberwiegend ma\u00dfgeschneiderte Inhouseseminare oder \u2013workshops an.<br>Ich arbeite je nach Wunsch und Lage in Pr\u00e4senz- und online-Formaten.<br><strong>Klingt das interessant f\u00fcr Sie?<\/strong><br>Nehmen Sie jetzt <a href=\"https:\/\/tamara-zeidler.de\/#Kontaktaufnahme\">Kontakt <\/a>mit mir auf und lassen Sie sich unverbindlich beraten!<br><\/p>\n","protected":false},"excerpt":{"rendered":"<p>aktuell I inspirierend I ergebnisorientiert Bildung ist die m\u00e4chtigste Waffe, die Du verwenden kannst, um die Welt zu ver\u00e4ndern. Nelson Mandela Suchen Sie f\u00fcr sich und Ihr Team Fort- und Weiterbildungsformate in Schl\u00fcsselkompetenzen, die ma\u00dfgeschneidert auf Ihre konkreten Bed\u00fcrfnisse abgestimmt sind?Sind Sie Personalentwickler*in oder leiten ein Bildungsinstitut und suchen eine [&hellip;]<\/p>\n","protected":false},"author":4,"featured_media":44,"parent":0,"menu_order":0,"comment_status":"closed","ping_status":"closed","template":"","meta":{"footnotes":""},"class_list":["post-607","page","type-page","status-publish","has-post-thumbnail","hentry"],"_links":{"self":[{"href":"https:\/\/tamara-zeidler.de\/index.php?rest_route=\/wp\/v2\/pages\/607","targetHints":{"allow":["GET"]}}],"collection":[{"href":"https:\/\/tamara-zeidler.de\/index.php?rest_route=\/wp\/v2\/pages"}],"about":[{"href":"https:\/\/tamara-zeidler.de\/index.php?rest_route=\/wp\/v2\/types\/page"}],"author":[{"embeddable":true,"href":"https:\/\/tamara-zeidler.de\/index.php?rest_route=\/wp\/v2\/users\/4"}],"replies":[{"embeddable":true,"href":"https:\/\/tamara-zeidler.de\/index.php?rest_route=%2Fwp%2Fv2%2Fcomments&post=607"}],"version-history":[{"count":8,"href":"https:\/\/tamara-zeidler.de\/index.php?rest_route=\/wp\/v2\/pages\/607\/revisions"}],"predecessor-version":[{"id":634,"href":"https:\/\/tamara-zeidler.de\/index.php?rest_route=\/wp\/v2\/pages\/607\/revisions\/634"}],"wp:featuredmedia":[{"embeddable":true,"href":"https:\/\/tamara-zeidler.de\/index.php?rest_route=\/wp\/v2\/media\/44"}],"wp:attachment":[{"href":"https:\/\/tamara-zeidler.de\/index.php?rest_route=%2Fwp%2Fv2%2Fmedia&parent=607"}],"curies":[{"name":"wp","href":"https:\/\/api.w.org\/{rel}","templated":true}]}}