{"id":642,"date":"2022-05-02T15:01:12","date_gmt":"2022-05-02T13:01:12","guid":{"rendered":"https:\/\/tamara-zeidler.de\/?page_id=642"},"modified":"2022-05-02T18:30:35","modified_gmt":"2022-05-02T16:30:35","slug":"teams-i-fuehrung","status":"publish","type":"page","link":"https:\/\/tamara-zeidler.de\/?page_id=642","title":{"rendered":"Teams &#038; F\u00fchrung"},"content":{"rendered":"\n<p class=\"has-header-gradient-color has-text-color\"><strong>entwickeln &amp; st\u00e4rken I f\u00fchren &amp; motivieren<\/strong><\/p>\n\n\n\n<p class=\"has-header-gradient-color has-text-color\"><\/p>\n\n\n\n<figure class=\"wp-block-table\"><table><tbody><tr><td><\/td><\/tr><\/tbody><\/table><\/figure>\n\n\n\n<blockquote class=\"wp-block-quote is-layout-flow wp-block-quote-is-layout-flow\"><p>Wenn Du ein Schiff bauen willst, so trommle nicht die M\u00e4nner zusammen, um Holz zu beschaffen, Werkzeuge vorzubereiten und Aufgaben zu vergeben, sondern lehre sie die Sehnsucht nach dem endlos weiten Meer.<\/p><cite>Antoine de Saint-Exup\u00e9ry<\/cite><\/blockquote>\n\n\n\n<p><br>Ein erfolgreiches Team besteht aus verschiedensten Pers\u00f6nlichkeiten und Kompetenzen, die im Zusammenspiel gemeinsam ihre Ziele erreichen. Damit dies gelingt, braucht es eine F\u00fchrungskraft, die alles in Einklang bringt und ihr Team st\u00e4rkt, entwickelt, f\u00fchrt und motiviert, ganz so, wie ein Fu\u00dfballtrainer es mit seiner Mannschaft, oder ein Dirigent es mit seinem Orchester tut.<br>An Teams und F\u00fchrungskr\u00e4fte werden heute immense Anforderungen gestellt, die je nach Branche und Funktion ganz unterschiedlich sind.<\/p>\n\n\n\n<p>Ich begleite Teams und F\u00fchrungskr\u00e4fte ganz individuell und bed\u00fcrfnisorientiert beim Ausbau ihrer Schl\u00fcsselkompetenzen durch Workshops oder Seminare, durch Coachings und Teamentwicklungsprozesse und in Konfliktf\u00e4llen auch durch Mediation mit folgenden inhaltlichen Schwerpunkten:<\/p>\n\n\n\n<p>Bei mir gibt es keine F\u00fchrungskr\u00e4fteentwicklung oder Teamentwicklung von der Stange, sondern ich konzipiere alle Formate immer nach den W\u00fcnschen des\/der Kund*in. Meine Angebote k\u00f6nnen hausintern oder als offene Angebote von Bildungstr\u00e4gern gebucht werden.<\/p>\n\n\n\n<p><strong>Klingt das interessant f\u00fcr Sie?<br><\/strong>Nehmen Sie jetzt <a href=\"https:\/\/tamara-zeidler.de\/#Kontaktaufnahme\">Kontakt <\/a>mit mir auf&nbsp;und lassen Sie sich unverbindlich beraten!<\/p>\n","protected":false},"excerpt":{"rendered":"<p>entwickeln &amp; st\u00e4rken I f\u00fchren &amp; motivieren Wenn Du ein Schiff bauen willst, so trommle nicht die M\u00e4nner zusammen, um Holz zu beschaffen, Werkzeuge vorzubereiten und Aufgaben zu vergeben, sondern lehre sie die Sehnsucht nach dem endlos weiten Meer. Antoine de Saint-Exup\u00e9ry Ein erfolgreiches Team besteht aus verschiedensten Pers\u00f6nlichkeiten und [&hellip;]<\/p>\n","protected":false},"author":4,"featured_media":392,"parent":0,"menu_order":0,"comment_status":"closed","ping_status":"closed","template":"","meta":{"footnotes":""},"class_list":["post-642","page","type-page","status-publish","has-post-thumbnail","hentry"],"_links":{"self":[{"href":"https:\/\/tamara-zeidler.de\/index.php?rest_route=\/wp\/v2\/pages\/642","targetHints":{"allow":["GET"]}}],"collection":[{"href":"https:\/\/tamara-zeidler.de\/index.php?rest_route=\/wp\/v2\/pages"}],"about":[{"href":"https:\/\/tamara-zeidler.de\/index.php?rest_route=\/wp\/v2\/types\/page"}],"author":[{"embeddable":true,"href":"https:\/\/tamara-zeidler.de\/index.php?rest_route=\/wp\/v2\/users\/4"}],"replies":[{"embeddable":true,"href":"https:\/\/tamara-zeidler.de\/index.php?rest_route=%2Fwp%2Fv2%2Fcomments&post=642"}],"version-history":[{"count":3,"href":"https:\/\/tamara-zeidler.de\/index.php?rest_route=\/wp\/v2\/pages\/642\/revisions"}],"predecessor-version":[{"id":692,"href":"https:\/\/tamara-zeidler.de\/index.php?rest_route=\/wp\/v2\/pages\/642\/revisions\/692"}],"wp:featuredmedia":[{"embeddable":true,"href":"https:\/\/tamara-zeidler.de\/index.php?rest_route=\/wp\/v2\/media\/392"}],"wp:attachment":[{"href":"https:\/\/tamara-zeidler.de\/index.php?rest_route=%2Fwp%2Fv2%2Fmedia&parent=642"}],"curies":[{"name":"wp","href":"https:\/\/api.w.org\/{rel}","templated":true}]}}